{"id":11,"date":"2024-02-11T19:25:41","date_gmt":"2024-02-11T19:25:41","guid":{"rendered":"https:\/\/jasahkosystems.fi\/?page_id=11"},"modified":"2024-02-20T20:24:27","modified_gmt":"2024-02-20T18:24:27","slug":"yhteystiedot","status":"publish","type":"page","link":"https:\/\/jasahkosystems.fi\/?page_id=11","title":{"rendered":"Yhteystiedot"},"content":{"rendered":"\n<div class=\"wp-block-columns is-layout-flex wp-container-core-columns-is-layout-9d6595d7 wp-block-columns-is-layout-flex\">\n<div class=\"wp-block-column is-layout-flow wp-block-column-is-layout-flow\">\n<p>JA S\u00e4hk\u00f6 Systems<br>Suokankaankatu 11<br>53850 LAPPEENRANTA<\/p>\n\n\n\n<p>Jouni Asikainen<br>040 8685455<br>jouni.asikainen@jasahkosystems.fi<\/p>\n\n\n\n<p><a href=\"https:\/\/www.seti.fi\/sahkopatevyydet\/sahkopatevyys-2\" target=\"_blank\" rel=\"noopener\" title=\"S2-p\u00e4tevyydet\">S2-p\u00e4tevyydet<\/a><br>Y-tunnus: 3007490-8<br><a href=\"https:\/\/rekisterit.tukes.fi\/toiminnanharjoittajat?p=0&amp;q=ja%20s%C3%A4hk%C3%B6%20systems\" target=\"_blank\" rel=\"noopener\" title=\"Tukes\">Tukes-rekisteriss\u00e4<\/a><\/p>\n\n\n\n<p><\/p>\n<\/div>\n\n\n\n<div class=\"wp-block-column is-layout-flow wp-block-column-is-layout-flow\">\n<h2 class=\"wp-block-heading\"><strong>Yhteydenottopyynt\u00f6<\/strong><\/h2>\n\n\n<div class=\"wpforms-container wpforms-container-full wpforms-block wpforms-block-7d30a3f2-ad17-4eeb-ac66-f0c2716b244b wpforms-render-modern\" id=\"wpforms-185\"><form id=\"wpforms-form-185\" class=\"wpforms-validate wpforms-form wpforms-ajax-form\" data-formid=\"185\" method=\"post\" enctype=\"multipart\/form-data\" action=\"\/index.php?rest_route=%2Fwp%2Fv2%2Fpages%2F11\" data-token=\"c3e2d916900a27d044fecfe38f40682f\" data-token-time=\"1776142700\"><noscript class=\"wpforms-error-noscript\">Please enable JavaScript in your browser to complete this form.<\/noscript><div id=\"wpforms-error-noscript\" style=\"display: none;\">Please enable JavaScript in your browser to complete this form.<\/div><div class=\"wpforms-field-container\"><div id=\"wpforms-185-field_0-container\" class=\"wpforms-field wpforms-field-name\" data-field-id=\"0\"><label class=\"wpforms-field-label\" for=\"wpforms-185-field_0\">Nimi <span class=\"wpforms-required-label\" aria-hidden=\"true\">*<\/span><\/label><input type=\"text\" id=\"wpforms-185-field_0\" class=\"wpforms-field-large wpforms-field-required\" name=\"wpforms[fields][0]\" aria-errormessage=\"wpforms-185-field_0-error\" required><\/div><div id=\"wpforms-185-field_4-container\" class=\"wpforms-field wpforms-field-number\" data-field-id=\"4\"><label class=\"wpforms-field-label\" for=\"wpforms-185-field_4\">Puhelin<\/label><input type=\"number\" id=\"wpforms-185-field_4\" class=\"wpforms-field-large\" name=\"wpforms[fields][4]\" placeholder=\"Anna puhelinnumerosi jos haluat, ett\u00e4 soitamme sinulle.\" step=\"any\" aria-errormessage=\"wpforms-185-field_4-error\" ><\/div><div id=\"wpforms-185-field_1-container\" class=\"wpforms-field wpforms-field-email\" data-field-id=\"1\"><label class=\"wpforms-field-label\" for=\"wpforms-185-field_1\">S\u00e4hk\u00f6posti <span class=\"wpforms-required-label\" aria-hidden=\"true\">*<\/span><\/label><input type=\"email\" id=\"wpforms-185-field_1\" class=\"wpforms-field-large wpforms-field-required\" name=\"wpforms[fields][1]\" placeholder=\"Sy\u00f6t\u00e4 s\u00e4hk\u00f6postiosoitteesi.\" spellcheck=\"false\" aria-errormessage=\"wpforms-185-field_1-error\" required><\/div><div id=\"wpforms-185-field_2-container\" class=\"wpforms-field wpforms-field-textarea\" data-field-id=\"2\"><label class=\"wpforms-field-label\" for=\"wpforms-185-field_2\">Viesti <span class=\"wpforms-required-label\" aria-hidden=\"true\">*<\/span><\/label><textarea id=\"wpforms-185-field_2\" class=\"wpforms-field-medium wpforms-field-required\" name=\"wpforms[fields][2]\" placeholder=\"Kirjoita viestisi t\u00e4h\u00e4n kentt\u00e4\u00e4n.\" aria-errormessage=\"wpforms-185-field_2-error\" required><\/textarea><\/div><\/div><!-- .wpforms-field-container --><div class=\"wpforms-submit-container\" ><input type=\"hidden\" name=\"wpforms[id]\" value=\"185\"><input type=\"hidden\" name=\"page_title\" value=\"\"><input type=\"hidden\" name=\"page_url\" value=\"https:\/\/jasahkosystems.fi\/index.php?rest_route=\/wp\/v2\/pages\/11\"><input type=\"hidden\" name=\"url_referer\" value=\"\"><button type=\"submit\" name=\"wpforms[submit]\" id=\"wpforms-submit-185\" class=\"wpforms-submit\" data-alt-text=\"L\u00e4hetet\u00e4\u00e4n...\" data-submit-text=\"L\u00e4het\u00e4\" aria-live=\"assertive\" value=\"wpforms-submit\">L\u00e4het\u00e4<\/button><img loading=\"lazy\" decoding=\"async\" src=\"https:\/\/jasahkosystems.fi\/wp-content\/plugins\/wpforms-lite\/assets\/images\/submit-spin.svg\" class=\"wpforms-submit-spinner\" style=\"display: none;\" width=\"26\" height=\"26\" alt=\"Loading\"><\/div><\/form><\/div>  <!-- .wpforms-container --><\/div>\n<\/div>\n\n\n\n<p><\/p>\n\n\n\n<p><\/p>\n\n\n\n<div class=\"wp-block-columns is-layout-flex wp-container-core-columns-is-layout-9d6595d7 wp-block-columns-is-layout-flex\">\n<div class=\"wp-block-column is-layout-flow wp-block-column-is-layout-flow\"><\/div>\n\n\n\n<div class=\"wp-block-column is-layout-flow wp-block-column-is-layout-flow\"><\/div>\n<\/div>\n","protected":false},"excerpt":{"rendered":"<p>JA S\u00e4hk\u00f6 SystemsSuokankaankatu 1153850 LAPPEENRANTA Jouni Asikainen040 8685455jouni.asikainen@jasahkosystems.fi S2-p\u00e4tevyydetY-tunnus: 3007490-8Tukes-rekisteriss\u00e4 Yhteydenottopyynt\u00f6<\/p>\n","protected":false},"author":1,"featured_media":0,"parent":0,"menu_order":0,"comment_status":"closed","ping_status":"closed","template":"","meta":{"om_disable_all_campaigns":false,"_monsterinsights_skip_tracking":false,"_monsterinsights_sitenote_active":false,"_monsterinsights_sitenote_note":"","_monsterinsights_sitenote_category":0,"footnotes":""},"class_list":["post-11","page","type-page","status-publish"],"aioseo_notices":[],"_links":{"self":[{"href":"https:\/\/jasahkosystems.fi\/index.php?rest_route=\/wp\/v2\/pages\/11","targetHints":{"allow":["GET"]}}],"collection":[{"href":"https:\/\/jasahkosystems.fi\/index.php?rest_route=\/wp\/v2\/pages"}],"about":[{"href":"https:\/\/jasahkosystems.fi\/index.php?rest_route=\/wp\/v2\/types\/page"}],"author":[{"embeddable":true,"href":"https:\/\/jasahkosystems.fi\/index.php?rest_route=\/wp\/v2\/users\/1"}],"replies":[{"embeddable":true,"href":"https:\/\/jasahkosystems.fi\/index.php?rest_route=%2Fwp%2Fv2%2Fcomments&post=11"}],"version-history":[{"count":15,"href":"https:\/\/jasahkosystems.fi\/index.php?rest_route=\/wp\/v2\/pages\/11\/revisions"}],"predecessor-version":[{"id":348,"href":"https:\/\/jasahkosystems.fi\/index.php?rest_route=\/wp\/v2\/pages\/11\/revisions\/348"}],"wp:attachment":[{"href":"https:\/\/jasahkosystems.fi\/index.php?rest_route=%2Fwp%2Fv2%2Fmedia&parent=11"}],"curies":[{"name":"wp","href":"https:\/\/api.w.org\/{rel}","templated":true}]}}